greatest common factor of t and 8?
8
Let x(n) = 2318*n + 7620. Let o be x(6). What is the greatest common factor of 78 and o?
78
Let b = 714 + -96. Suppose -3*s + b = 3*s. Suppose -161 = -5*a - l - 0*l, 0 = 3*a - l - s. What is the greatest common divisor of a and 3?
3
Suppose -2*b = 5*m - 10440, -5*m - 3*b = -0*m - 10435. Suppose m = 9*h - 187. What is the greatest common factor of 46 and h?
23
Suppose -32 + 32 = -8*a. Suppose -s + 138 = -5*o, -4*s + a*o = -o - 590. Calculate the greatest common factor of s and 74.
74
Suppose 0 = 3*z + p - 6, 5*z = -0*z - 5*p. Suppose 20*m + z*r + 42 = 21*m, -5*r - 168 = -4*m. Calculate the greatest common factor of 147 and m.
21
Suppose -5*i + 2*m + 1032 = -3444, 0 = -4*i - 3*m + 3567. What is the highest common divisor of i and 12?
6
Let p = -351 + 676. Suppose 0 = 3124*n - 88208 + 10108. Calculate the greatest common divisor of p and n.
25
Suppose -18*x = -59201 + 791. What is the highest common divisor of x and 55?
55
Let a = -3311 - -3493. What is the highest common factor of 98 and a?
14
Let q = 38 - 118. Let m = 92 + q. What is the highest common divisor of m and 42?
6
Suppose 0 = 5*v + 2*v - 35. Suppose 12 = -4*o - 0*o, 4*o = -5*x + 8. Let f be 3 + 7/(14/x). What is the highest common factor of f and v?
5
Let f = -7 - -5. Let a(k) = 2*k**2 + 2*k + 3. Let d be a(f). Let j = -1137 + 1138. Calculate the greatest common factor of d and j.
1
Suppose 0 = -9*g + 5927 + 742. Let u = g + -705. Calculate the highest common divisor of 276 and u.
12
Let v be -2*(-20)/(-8)*-1. Suppose -4*o = -v*x - 43, -4*x + 29 = 2*o - 9*x. What is the greatest common divisor of o and 49?
7
Let i = -4628 + 6574. What is the highest common divisor of 56 and i?
14
Suppose 345 = 64*v + 80 - 311. Calculate the greatest common factor of v and 2430.
9
Let m = -1221 - -1557. Calculate the greatest common factor of m and 896.
112
Suppose -h + 3*h = 4. Let l be (-1 - h)/((-2)/12*3). Let g be -4 + 1 + (42 - 12/4). Calculate the highest common factor of g and l.
6
Suppose -2*r + 40 = 20. Suppose 1145 = 4*k + 5*g - 2*g, -3*k + 3*g = -885. Calculate the highest common factor of k and r.
10
Suppose -11*h + 4*y - 24 = -12*h, 3*h = -y + 28. Suppose -29 = -g - h. What is the greatest common factor of g and 77?
7
Suppose -11*z = -0 - 88. Suppose 3*j + 125 = 2*b, 0 = 2*b + 5*j - 125 - z. Let g = 130 + -82. Calculate the greatest common divisor of g and b.
16
Suppose 2*o + 21 - 25 = 0. Let x be (-11)/o*1*-2. Let v = -18 - -29. What is the highest common divisor of x and v?
11
Let b(l) = -l**3 + 58*l**2 - 55*l - 83. Let y be b(57). Suppose -z + 432 = -p, y*z = 27*z + 3*p + 1725. What is the highest common factor of 78 and z?
39
Suppose -40*l + 42*l = 60. Let u = l + -18. Let y be u/(-54) - 227*2/(-18). What is the greatest common divisor of 25 and y?
25
Suppose 6 = 3*a, -4*i + 6*a = 2*a - 64. Let g = -26 + 41. What is the greatest common divisor of g and i?
3
Suppose 0 = 2*k + 59 - 981. Let n = k - 265. Suppose -4*p = m - 4*m + 147, n = 4*m - 3*p. What is the greatest common factor of m and 7?
7
Let j be (-2 - (-85)/25) + 3/5. Suppose -j*r = 3*x - 4, 7*x + r = 3*x + 12. Suppose -2*o = x*o - 72. Calculate the greatest common divisor of o and 12.
12
Let g be 1*((2 - 2) + 11). Let s be 15/9 + (38/42 - (-44)/(-77)). Suppose n + 3*t = -3, -n - s*n = -t - g. Calculate the greatest common divisor of 27 and n.
3
Let k be (-164)/24 + 7 - 1670/12. Let x = k - -175. What is the highest common factor of x and 36?
36
Let l = 186 + -180. Let r be (-4)/l + 2442/18. Let d be (7/14)/(1/30). What is the highest common factor of r and d?
15
Suppose 4*f = -2*i - 18, 0 = -4*i - 4*f - 12 - 28. Let b be (-1 - 1)*i/2. Calculate the greatest common divisor of 704 and b.
11
Suppose 11*d + 70 = 455. Let g be (-4050)/(-42) - 15/d. Calculate the greatest common factor of 6 and g.
6
Suppose 126*t + 1687 = 6601. Calculate the highest common divisor of 11843 and t.
13
Let w = 6455 - 6285. What is the greatest common divisor of w and 1955?
85
Let c(g) = -2*g**2 + 30*g + 3*g**2 - 75 - 7*g - 2*g**2. Let l be c(12). Calculate the highest common divisor of 1 and l.
1
Let l = 7572 - 7567. Calculate the greatest common factor of l and 2040.
5
Let j be 1 + 863 + 2*(-9)/(-6)*-1. Calculate the greatest common divisor of 1599 and j.
123
Let g = -2406 - -2442. Suppose r - 2*r + 5*f + 12 = 0, r - 39 = -4*f. Let c = g - r. Calculate the highest common factor of 81 and c.
9
Let s be (-2)/(-9) + (-7560)/(-972). Let h be 5*12/(-2 + s). What is the highest common factor of h and 20?
10
Let t be 5/3 + 35/(-21) - -295. Let l = -288 + t. Calculate the highest common factor of l and 161.
7
Suppose 80600 = 5*t + r, 8*t + 4*r - 48360 = 5*t. Calculate the greatest common divisor of 16 and t.
8
Suppose 4 = 4*h + 4*v + 8, 4*v + 24 = h. Suppose 0 = -h*y + 6*y + 3*z - 30, -3*y - 3*z + 45 = 0. Calculate the highest common divisor of y and 180.
15
Suppose -4*s - 2*i = -74, -5*s + i = -160 + 85. Let c(r) = -232*r. Let h be c(-1). What is the highest common divisor of s and h?
8
Suppose -6*u = 4*u - 0*u. Suppose u = 3*x + 3 - 12. Let k be -2 - (-31 - 4/(-2)). What is the highest common factor of x and k?
3
Let d be -7*(-2016)/980*(-10)/(-4). What is the highest common divisor of d and 4356?
36
Let o be 6/((-48)/4) + 127/2. Suppose 4*w - 20 = -n + 23, -3*n - o = -4*w. What is the greatest common divisor of 42 and w?
6
Suppose -97*d + 4032 = -13*d. Let l = 22 + -13. Calculate the highest common factor of l and d.
3
Suppose 0 = 10*q - 13*q + 393. Suppose -u = 4*u - 2*r - q, 0 = -3*r - 9. Calculate the greatest common factor of u and 100.
25
Suppose 390 = -64*s + 454. What is the highest common divisor of s and 1109?
1
Suppose 190 = 43*i - 1014. Suppose w - 1788 = -4*p, 0 = 11*p - 10*p - 3*w - 460. Calculate the greatest common divisor of i and p.
28
Let y(b) = b**3 + 15*b**2 - 13*b + 32. Let t = -35 - -22. Let u be y(t). Let g = -359 + u. Calculate the greatest common divisor of g and 20.
20
Suppose -d = -f + 6672, -5*f - 2*d = -3*f - 13320. Calculate the highest common divisor of f and 6.
6
Suppose 763 = 25*p - 0*p - 2612. Calculate the greatest common factor of 2106 and p.
27
Suppose -140*t = 5*m - 145*t - 64800, 5*m - 64698 = -12*t. Calculate the highest common factor of m and 508.
254
Let s(f) = -3*f**2 - 47*f - 35. Let l be s(-14). Suppose -l*z = 4*z - 1638. Calculate the greatest common divisor of 238 and z.
14
Suppose 14*d - 15840 = -5900. What is the highest common divisor of 10 and d?
10
Let o = 5085 + -4435. What is the greatest common factor of 286 and o?
26
Suppose 22760 = 174*a - 4299 - 6871. What is the greatest common divisor of 1027 and a?
13
Let t(j) = 17*j - 163. Let q(n) = -2*n + 82. Let w be q(34). Let a be t(w). Calculate the highest common divisor of a and 50.
25
Suppose -2*t + 5*t - 483 = 0. Suppose -6*i + t = -313. Let r = i - 28. Calculate the highest common factor of r and 34.
17
Suppose 486 = 17*q - 24. What is the highest common factor of q and 894?
6
Let u = 58 + -50. Let c be 3*32*240/(-90). Let b = -168 - c. Calculate the highest common factor of b and u.
8
Suppose -32 = 32*o - 40*o. Let r(q) = -2*q - 4. Let j be r(-7). Let z be 25/(-2)*(-8)/j. What is the highest common divisor of o and z?
2
Suppose -u = 0, -3*p - u + 4*u + 63 = 0. Let x(o) = o**2 + 12*o. Let s be x(-4). Let w be 2/(s/6 + 6). What is the highest common factor of w and p?
3
Let g(b) = -7*b**3 + b**2 - 8*b - 4. Let r be g(-5). Let y = r + -661. What is the greatest common factor of 11 and y?
11
Let s(d) = 3*d**2 - 4*d - 8*d**2 + 0 + 6*d**2 + 5. Let y be s(3). Let o be 0 + (-27)/y*(-16)/6. Calculate the greatest common divisor of o and 12.
12
Suppose -17615 = -17*o - 54. Calculate the highest common factor of 3 and o.
1
Suppose -a - 3*a = -5*u + 24, 3*u + a - 11 = 0. Suppose 0 = -131*t + 749 + 168. Calculate the highest common factor of t and u.
1
Let s = 1 - -103. Suppose -3435 = -8*l - 731. What is the greatest common factor of l and s?
26
Suppose 3*s = 136*s - 15960. What is the greatest common divisor of 270 and s?
30
Let q be 6 + (45/(-9) - (-1 - -1)). Let d be 1 + ((-5 - -6)*33)/q. What is the greatest common factor of 34 and d?
34
Let r(s) = 5 + 2*s + 6*s + 30*s**2 - 2*s - 3*s. Let u be r(-3). Suppose 5*j - u 